ose 298 = 2*o + 3*g, t*g = -3*o + g + 447. Is o composite?
False
Let a be 2/3 - (-10)/(-15). Suppose a = 4*c + 20, 4*c - 6 = g + 6*c. Is ((-201)/g)/((-9)/24) composite?
True
Suppose -11*d + 89834 = -6*d + 3*i, -3*i + 17974 = d. Is d prime?
False
Suppose 0 = -0*h - 3*h + 45. Let g(a) = 2*a**2 + 23*a - 21. Let b be g(h). Suppose 4*s - b = -2*y, 3*s - y = -0*y + 568. Is s composite?
False
Is 19/(-95) - (-1)/(15/11268) composite?
False
Let d(s) = 14*s**2 - 52*s - 25. Is d(44) prime?
False
Is (8/(-1) + 9)*3037 a composite number?
False
Let y(k) = k**3 + 7*k**2 - 5*k - 3. Let m be y(5). Suppose -n - m = -725. Is n a composite number?
True
Suppose -5*t = f - 1743 - 2348, 4*f - 16452 = 2*t. Is f composite?
False
Suppose -6*n = -7054 - 15620. Is n a prime number?
True
Suppose 0 = w - 5*d - 11384, 12*w - 45581 = 8*w + 5*d. Is w prime?
True
Let u = -2048 - -2908. Suppose -k + u = 2*w + w, -2*k + 1705 = w. Is k a composite number?
True
Suppose 0 = 4*k + 5*o + 5, -2 + 7 = 4*k - 5*o. Suppose 4*l - 1153 + 205 = k. Suppose 0*b = -3*b + l. Is b a prime number?
True
Suppose 1401*g - 1403*g + 2942 = 0. Is g a composite number?
False
Let y(b) = -2*b**2 + 10*b + 4. Let q be y(5). Suppose -5*m - 2*w + 3082 + 11205 = 0, 4*m - q*w - 11452 = 0. Is m composite?
True
Suppose -3*s + 511 = -1064. Let w be -1 + s/(-3 - 2). Let g = w + 353. Is g prime?
False
Let a be (-6 - -3) + (-1759)/(-1). Suppose a = l + 3*l. Suppose l - 24 = 5*i. Is i prime?
True
Suppose 2*o - 7*o + 3*z = -696, 0 = 5*o - 5*z - 690. Let d = o - 134. Is d composite?
False
Is 1/(-3 + (-362406)/(-120801)) - 2 a prime number?
False
Suppose -5 - 42 = -5*h - s, -2*h = -2*s - 26. Let u = h - 1. Suppose u = 2*w - w. Is w prime?
False
Let m(k) = -7*k**2 - 11*k + 25. Let i be m(5). Let x = -181 - -41. Let w = x - i. Is w prime?
False
Suppose -q - 5*h + 22 = -2*h, -5*q = -4*h - 72. Suppose -11*r - 11015 = -q*r. Is r a composite number?
False
Let t(m) be the second derivative of m**4/6 - m**3/3 - m**2 - 6*m. Let a be t(-8). Suppose 0*z + 3*z = 3*f + 366, -z - 3*f + a = 0. Is z a composite number?
False
Let x(m) = m - 3. Suppose -2*u - 4 + 33 = 5*g, 0 = 2*g - 6. Let y be x(u). Suppose 4*n = 5*v + 740, -2*n + 0*v = y*v - 370. Is n prime?
False
Is (17577/(-84) + (-2)/8)*-14 prime?
False
Let a(n) = 6806*n**2 - 4*n + 3. Is a(1) composite?
True
Suppose -191 = -13*z + 30918. Is z prime?
True
Suppose -3*n + 5*n + f = 0, 3*n = 4*f. Suppose n = 4*y + y. Suppose y = 3*v - 7*v + 1052. Is v a composite number?
False
Let r = 1919 - -914. Is r prime?
True
Suppose -3*h - l + 87139 = 0, -h + 43*l = 46*l - 29041. Is h composite?
True
Suppose 0 = -v - 3*c - 2*c + 93, -3*v = -5*c - 199. Suppose -x - 14 = -v. Is x a prime number?
True
Suppose 0 = 2*p - 3*p + 2001. Suppose -4*n = -p + 53. Is n composite?
False
Suppose 8*x + 5207 = -29017. Let z = x - -6059. Is z composite?
True
Suppose -10*t = -8*t - 380. Suppose -3*r - 300 = -s - 2*s, 0 = 2*s - 4*r - t. Suppose 4*z + 3*v - 400 = 0, z + 0*v - s = -2*v. Is z prime?
True
Suppose 6*y - 9 - 9 = 0. Suppose 1551 = -3*t + y*i, -2*t + 4*i = -t + 508. Is t/(-24) + 4/(-6) a composite number?
True
Let g(x) = 76*x**3 + 5*x**2 + 7*x - 5. Let b be g(5). Suppose -4*a + 2661 = -b. Is a composite?
False
Suppose 376 = -4*f + 3216. Suppose -6775 - f = -3*r. Is r composite?
True
Is (-43082)/(-8)*2*2 a composite number?
True
Is -1*(-7)/((-70)/(-266290)) composite?
True
Suppose -169778 = -14*k - 12012. Is k composite?
True
Let z(p) = 2*p + 145. Is z(-33) a composite number?
False
Suppose -95*z + 6571022 = -22*z. Is z a composite number?
True
Let v(c) = 1670*c**3 - 34*c**2 + 12*c + 7. Is v(3) composite?
True
Suppose -3*g + 5*q - 8 = 0, 0 = 5*g + 2*q - 0*q - 28. Suppose 3*h + g*m = 6*h - 824, 0 = h - 2*m - 274. Suppose -b + 5*b - h = 0. Is b prime?
False
Is -6*2312493/(-126) + 4/14 a prime number?
True
Is 6 + (-15640)/(-8)*1 a prime number?
False
Let d be 3/9*0/(-1). Suppose d = -12*q + 16*q - 21332. Is q prime?
True
Let v be 23 - 20 - -2*2. Suppose v*s = 2*s + 115. Is s a composite number?
False
Let c(x) = 4*x**3 + x**3 + 4 - 6*x**3 + 16*x + 14*x**2 + 3. Let j be c(13). Let n = 595 - j. Is n composite?
False
Let m(o) = 31*o + 20. Let s(i) = -i**3 - 8*i**2 - 11*i - 19. Let y be s(-7). Is m(y) composite?
True
Let d(g) = g**3 - 5*g**2 - 6*g. Let b be ((-6)/(-4))/((-5)/(-20)). Let r be d(b). Suppose -5*x = -r*x - 5845. Is x prime?
False
Let t(n) = 141*n + 14. Let m be t(6). Let p = m + -438. Suppose 2*s - 192 = p. Is s prime?
True
Is -207112*(213/24 + -9) prime?
True
Let q(c) be the second derivative of -26*c**3/3 - c**2 + 5*c. Let k be q(-2). Let m = k + 16. Is m prime?
False
Let m = 1641 + -586. Suppose m = h + 4*h. Is h a composite number?
False
Let x = -2 + -3. Let b be (-2)/x - (-1204)/(-10). Let p = -65 - b. Is p a composite number?
True
Suppose -3*v + 24098 = -20995. Is v prime?
True
Suppose -f = -3 - 3. Let a(b) = -b**2 + 13*b - 5. Is a(f) a composite number?
False
Let d(v) = 8560*v**2 - 2*v + 1. Is d(-1) prime?
True
Let a = 51 - -521. Suppose 4*r - a - 2376 = 0. Is r a composite number?
True
Suppose 68*s = 75*s - 2232097. Is s a composite number?
True
Suppose f = 3*l - 8763, f + 12417 - 733 = 4*l. Is l prime?
False
Let i = -4832 - -7516. Suppose -2*g = 5*j - i - 1773, 5*j = -g + 4461. Is j a composite number?
True
Let g(o) = o**2 - 8*o + 27. Is g(6) a composite number?
True
Suppose 5*r - 2*r = 76350. Suppose 11*l - l = r. Is l a prime number?
False
Let i = 678 + -2689. Let p = i + 2874. Is p a prime number?
True
Let k = 7474 + -3147. Is k prime?
True
Let j(f) = 401*f**2 - 4*f + 37. Is j(4) composite?
True
Suppose -16*w = -8*w - 191128. Is w composite?
True
Let d = 35914 - -31965. Is d a prime number?
False
Suppose -10 = 6*c - 11*c. Suppose -2*j - m = -1842, -j + 2763 = c*j + m. Is j prime?
False
Let w = -54631 + 101432. Is w a prime number?
False
Let s = -63 - -115. Suppose 7*f - 39 = -18. Is f - (-13)/(s/1344) a prime number?
False
Let h = 27580 - 11899. Is h composite?
True
Let c(q) = 365*q + 40. Let r be c(11). Suppose -14*s + r = -2651. Is s a composite number?
False
Suppose -h + k + 3937 = 0, -7*h - 2*k = -3*h - 15748. Is h prime?
False
Suppose -15*t = 22842 - 203577. Is t a composite number?
False
Let d(o) = -o**2 + 7*o - 31. Let l be d(6). Is -419*(4 - l/(-5)) a prime number?
True
Let t = -13 + 22. Suppose -6305 = -2*s - 1393. Suppose -t*i + i + s = 0. Is i prime?
True
Let v(p) = 10*p**2 + 7*p - 13. Let x be v(-7). Suppose 5*k - 1818 = -4*m + 289, -x = -k - 3*m. Is k a prime number?
True
Let j = -49 - -52. Is j/(-4) + 4702/8 a composite number?
False
Let p(o) = o**3 + o**2 + 2*o + 587. Suppose 4*n - 2*y + 0*y + 4 = 0, -5*n = 5*y - 10. Is p(n) a prime number?
True
Suppose -5*a - 91 + 231 = 0. Is 8/(-28) - (-24396)/a composite?
True
Suppose 8*f - 3443 = 7493. Is f composite?
False
Let u(c) = -1187*c. Let a be u(3). Let l = -1440 - a. Suppose -b - 2*g + l = 2*b, 0 = -5*b + 4*g + 3557. Is b composite?
False
Let n(h) = -81*h**3 + 7*h**2 + 12*h + 11. Let l(q) = 80*q**3 - 6*q**2 - 11*q - 10. Let j(w) = -7*l(w) - 6*n(w). Is j(-3) prime?
True
Let t be 201140/25 + (-9)/15. Suppose -3*g + 8482 = -5*b, -3*g = 5*b + t + 413. Is b/(-8) + (-3)/4 prime?
True
Suppose -3*x + 3819 = 5*h, 5*x = 4*x + h + 1273. Is x a composite number?
True
Let v = -10 - -21. Let t(k) = 3*k**2 - 3*k - 23. Is t(v) prime?
True
Let v(m) = 92*m**3 + 7*m**2 - m - 39. Is v(5) prime?
False
Let w = 42828 + -23287. Is w a composite number?
False
Let j(l) be the first derivative of l**5/30 + 13*l**4/24 - 8*l**3/3 - 3*l**2/2 + 3. Let x(o) be the second derivative of j(o). Is x(-11) a composite number?
False
Let l = -24374 + 80617. Is l a composite number?
True
Let l be (21/14)/(6/(-8)). Let u(z) = z**3 + 3*z**2 - z - 2. Let y be u(l). Suppose i - 17 = -2*b, y*i - 2*b = -24 + 62. Is i a prime number?
True
Suppose -19 = -5*w + 1316. Suppose 349 + 249 = 2*m + 2*a, -5*a = 4*m - 1198. Suppose w = 4*y - m. Is y a prime number?
False
Let v(q) be the first derivative of q**5/40 + q**4/24 + 5*q**3/3 - 1. Let w(u) be the third derivative of v(u). Is w(6) a composite number?
False
Let r(g) = -206*g - 12. Let y = 144 + -149. Is r(y) a prime number?
False
Suppose 8*s + 30790 = 18*s. Is s a prime number?
True
Let x be 698 + -1*(-2 + -6)/(-4). Let s = x +